 - (-546 + 530 - (0 + 17)).
60
Calculate (1748 - 1746) + 139 + 0 + -34 + 34.
141
What is the value of 127 - -5 - (626 + -554)?
60
Calculate -1 - (1 - 39) - (216 + -230).
51
Evaluate 112 + 190 + -311 - (-120 - -1).
110
What is the value of -21 + 6 + 22 + -2?
5
-3 + (-1 - 7) + -27 + 16 + (-17 - -20)
-19
Evaluate 0 + -2 + -33 + 2 + (11 - (1 + 9)).
-32
Evaluate (-9 - 6) + (-97 - -160) + 0 + -5.
43
Calculate -59 - -3 - (-270 - -254 - (-5 + 2)).
-43
Evaluate -247 + 245 + (3 - 40) + 11.
-28
Calculate -5 - (-4 + 7 + 17 + -15 + -10).
0
(55 - 2) + (-929 - -838)
-38
What is 18 - (7 - -4) - (11 - (13 - -2))?
11
Evaluate -14 - (3 - (23 + -8)) - (22 - -4 - -3).
-31
Evaluate -4 + -6 + -2 + 6 + (18 - -8 - 34).
-14
What is the value of 28 - -84 - 20 - 37?
55
4 + -70 + 50 - 18
-34
What is the value of (-16 - (-9 + 4)) + (7 - (-11 + -17 + 6))?
18
Calculate (-3 - (-45 + -5)) + (116 - 108) - 3.
52
Evaluate 449 + -454 - (-1 - -2 - (84 - -1)).
79
(-1 - 98) + (9 + 55 - 47)
-82
0 + (-49 - (20 + -16 + -14))
-39
Evaluate -8 + -1 - (-35 + (46 - (28 + 0)) - -75).
-67
-32 + 46 - -11 - 9
16
Evaluate -37 - (-32 + 45 - 21).
-29
Calculate (29 - 57) + 89 - 43.
18
What is (6 - (-11 + 31 + -14 + -11)) + 12?
23
-36 + (4 - (50 - 35 - 19))
-28
Evaluate 6 + -77 + (21 - (1 + 15 - 7)) + -10.
-69
What is the value of 1 + -18 - (-582 - -606)?
-41
What is -116 - -2 - (2815 - 2831)?
-98
What is the value of (-322 - -262) + (21 - 2)?
-41
What is 26 + -32 + 24 - 44?
-26
What is the value of -1 + (16 - 50) + 41 + 2 + (63 - -2)?
73
(-1 - 3) + (-4557 - -4623)
62
Calculate -84 - ((8 - (8 - 11)) + -22 + 11).
-84
Calculate -40 - (29 + -42 - 72).
45
0 - (23 - (-18 + (9 - 12)))
-44
What is the value of (-107 - -128) + 1 + (-12 - 62)?
-52
What is the value of -26 + (32 - -24 - 36)?
-6
Calculate (4 - (0 + 11 + 4)) + (69 - (-6 + 0)).
64
Calculate (-11 - 25) + (100 - 139).
-75
Calculate 81 + (-4 + -6 + -8 - (66 - 78)).
75
What is the value of -21 - ((6 - (26 - 5)) + 9) - -15?
0
What is (50 - (118 + -14)) + -8?
-62
What is the value of (41 + 10 - (165 + 20)) + 33?
-101
Calculate -2 + -2 + 80 - (-37 + -26 + 31 - -40).
68
(2 - 98) + 5 + 46 + -47 - 13
-105
What is 16 - (-4 - -56 - (-7 + -13)) - 1?
-57
Calculate -2 - 24 - ((-15 - 39) + -26).
54
What is the value of (-9 - -1 - -4) + (-5 - -50)?
41
Calculate (-9 - -2 - -3 - (24 + -32 + 5)) + 60.
59
27 + (-1 - 8 - 0) - (-156 - -147)
27
Evaluate -15 - ((31 - 6 - 30) + (-3 - -2 - -4)).
-13
47 - 45 - 36 - 8
-42
What is 38 - (11 - 21) - (34 - -2)?
12
Calculate (5 + 5 - -6) + -2 + -2 - (858 - 756).
-90
What is (41 - 19 - -26) + 20 + -19 + 9?
58
What is -35 + -1 - (-16 - (-14 - 14 - -18))?
-30
What is the value of 101 + -250 - -131 - (4 - (1 + -72))?
-93
Evaluate 1 + (-2 - (13 - 22)) - -7.
15
-1 + -6 + -3 + (-3 - ((-9 - -15) + 1))
-20
What is the value of (-14 - 3) + (25 - (27 - 12))?
-7
What is -50 - -11 - (-19 + 16 + -11)?
-25
(3 - (19 - 40)) + -8 + 11
27
Calculate 0 - (9 + 2) - (8 + -3 + 3) - -4.
-15
Calculate 1 + 18 - 23 - (6 + -19).
9
What is the value of -18 + -9 + -15 + -17 + 38?
-21
Evaluate -30 - (-3 + (-3 - -10)) - (-33 + 25 + -4).
-22
What is (11 + 30 - 58) + (0 - -30)?
13
Calculate 5 + (-9 - 19) - (74 + -79).
-18
Evaluate 20 - (-24 - (-45 - 5)).
-6
-5 - (-38 + 44 + (-7 - -55))
-59
Calculate 9 - (-18 - ((21 - (-4 - -9)) + -72)).
-29
Evaluate 19 - (-15 - (-79 + (5 - -27))) - (1 - -1).
-15
Evaluate (-78 - 0) + (4 - (-42 + 40)).
-72
Evaluate 115 - (-12 - (-152 - -82)).
57
19 + -6 + -8 + -13 + 2 + (82 - -2)
78
(-8 - -6 - (-2 - 48)) + -21
27
-1 + 1 + -2 + 104 + (-7 - 95)
0
What is the value of 19 + (-101 - ((-4 - 38) + 18))?
-58
What is the value of -6 + -125 - (12 + 3 + -17 + 14 + 0)?
-143
Evaluate 14 + -72 - (46 - 164).
60
Calculate (-112 - ((-10 - -40) + -14)) + (2 - -2).
-124
What is -46 - (2 + 83 + -52)?
-79
What is the value of 4 + 28 + 27 + (-6 - 11) + (2 - -11)?
55
Evaluate 8 - -83 - (9 - (13 + -24 + (14 - 6))).
79
What is 23 - (-13 + (-12 - ((2 - -8) + -36)))?
22
-21 - (59 + -92) - (0 - (-10 - -5) - -97)
-90
(-1 - -28) + 2 - 33 - (-71 + 0 + 0)
67
Calculate 15 + (13 - 7) + 11 + -28 - (-33 + 2).
35
What is -3 - -6 - (-125 + 133) - (-4 + -16)?
15
What is (-29 + -8 - -48) + 39 - -39?
89
Evaluate (47 - 71) + -1 + 55.
30
Evaluate -37 - (1 - (147 + -33)).
76
Evaluate -30 + (-85 - (-3 - 188)).
76
Calculate 8 + (2 - -12 - (108 - (28 - -1))).
-57
Evaluate -13 + (13 + 4 + -9 - -78 - -19).
92
Calculate -1 + -3 + 6 + (-104 - -113).
11
What is the value of 21 - ((-23 + 19 - 2) + -18) - 10?
35
0 + -30 - (-9202 - -9231)
-59
Evaluate 14 - ((-41 + 24 - -25) + -45).
51
Calculate 134 + -125 + 0 + -36.
-27
Evaluate (-12 - (8 + (-19 - -13))) + 8 + 2.
-4
What is the value of 6 - (-8 - (2 - 1) - (-5 + -92 + 37))?
-45
What is (71 - (-5 - -95)) + 72?
53
What is -3 - 71 - 21 - (9 - 9) - 0?
-95
Calculate 49 + (-2 - (20 + -24 - -25)).
26
Calculate (0 - 55) + -1045 + 1082.
-18
Evaluate -19 - (-24 + 2 - (284 - 298)).
-11
What is the value of -2094 + 2082 - (0 - (8 + -3))?
-7
What is -9 + (-19 - (-18 - ((4 - -6) + -18))) + -4?
-22
Evaluate -21 + 2 + -2 + 43 + -72.
-50
What is 56 + (-93 - -177) + -79?
61
What is -57 + 2 + -1 - (-31 + (-12 + -17 - -62))?
-58
-2 - -2 - (-136 + -5 + -10 + 55 + -18)
114
Calculate -33 + -16 + -5 + -10 - -25.
-39
Calculate (-19 - -2 - (-141 + 105) - 9) + 59 + 1.
70
What is 78 + -1 + 36 + -155 + 19 + 116?
93
101 + 0 + (-35 + 31 - 27)
70
What is -45 - (-85 + (-11 - -39))?
12
Evaluate -243 + (295 - 64) + 0 + 0 + 0 + 106.
94
(-220 - -255) + -4 + (-2 - (-4 - -3)) + 5
35
What is -33 - (-8 + -104 + 46 - -30)?
3
Calculate -6 + (26 - 70 - 25) + 10.
-65
What is the value of -22 - (-10 + 35 + -15 + 20)?
-52
Calculate -3 - (-9 - (9 + -4) - (-30 + 33)).
14
What is (0 - (4 + -2 + -25)) + -3561 + 3551?
13
Evaluate (-29 - (-31 + 66)) + 60 - (-16 - 1).
13
What is 306 + -305 + (-1 - 18) - (12 + -3)?
-27
-43 - (18 + 56) - -100
-17
Evaluate -151 + 193 + 3 + -24.
21
What is the value of 105 + 61 + -37 + -63?
66
What is -131 + -4 + 2 + (18 - (-22 + 24))?
-117
Evaluate -69 + (4 - (28 + -24 + 4 + 8 + -9)).
-72
Evaluate -2 + (-16 - -2) + (-52 - (-152 + 121)).
-37
What is -5 + 14 + (90 - 45) + (-2 - (0 - -1))?
51
What is the value of -2 + -43 + -5 + (7 - 3 - 10)?
-56
What is 63 - (100 + -132) - (-3 + -3 + 17 + -2)?
86
Evaluate 12 + 0 + -2 + (-30 - (13 - 53) - 58).
-38
What is 2 + (-34 - -4 - -7) - -61?
40
What is the value of (-1 - -64) + (20 - ((9 - -8) + 3)) - -10?
73
What is the value of 6 - (45 - -8 - (5 + 16))?
-26
68 + (4 - 89) + 64 + -7
40
-21 + (11 - (21 - 28)) + 61
58
Evaluate -85 + -33 + (78 - -8).
-32
What is the value of -60 + 10 + 45 + (-115 - (-3 - 0))?
-117
What is the value of 90 + 19 + -192 + 143?
60
Calculate 0 + -4 - (-3349 - -3267).
78
What is the value of 9 + (-62 + 76 - (4 - (-11 - 2))) - 105?
-99
What is the value of -85 - ((29 - 97) + -43)?
26
(-88 - -112) + -21 + 2
5
Evaluate 20 + -93 - 56 - (3 + 5).
-137
What is the value of -4 - (18 + -23 + (5 - -44))?
-48
Calculate 8 - (4 + 18 + (10 - 12)).
-12
(26 - 20) + (-3 - 78) + -4 + 12 + -3
-70
What is the value of (16 + -3 - -3) + (21 - -6) + -19 + 9?
33
What is (-11 - (-7 + 3)) + (-24 - (13 + -26))?
-18
360 - 246 - (61 - 9)
62
What is the value of (10 - (50 - (-6 - -18))) + 4?
-24
Evaluate -31 - (92 - (139 - 53)).
-37
(146 - 93) + -40 - 81
-68
(-27 - (8 + -61)) + -34 + -1 + 0 + 106
97
What is the value of -8 + -22 + (-4 - 5 - -41)?
2
-11 - 26 - (6 + (3 - 0)) - (-1 + 0)
-45
Evaluate -22 + -1 - 10 - (219 + -198).
-54
What is the value of 69 - 50 - ((9 - 8) + -9)?
27
Calculate -26 - -14 - (-5 + 3 + -7).
-3
Calculate (-34 - -104 - 65) + -23.
-18
Evaluate 26 - 18 - (4 + (-46 - -22)).
28
What is the value of (-23 - -2) + -29 + 28 + 16 + -79?
-85
53 + (-31 - (-130 + 116))
36
What is the value of 4 + (-122 - (39 + -59))?
-98
Calculate -37 + 48 - (54 - (8 - 12)).
-47
Evaluate -16 + (36 - (-80 - -22)) + 33.
111
Evaluate 0 + 59 + (69 - 28) + -33 + (-16 - 1).
50
What is the value of -26 - ((4 - (-7 - -17)) + -8)?
-12
Evaluate 240 + -115 - -72 - 116.
81
(-10 - ((6 - (9 - 0)) + -15)) + -6 - 10
-8
Evaluate -74 - (-56 + -6 - 30).
18
Evaluate 208 + -252 + (-4 - -6).
-42
Evaluate -9 - (31 - -17 - 68).
11
7 + 2 - (19 - (25 - -11))
26
Calculate -8 + 11 + -1 + 38 + 13.
53
Calculate 1 + -6 + -16 + -8 + 117 + -105 - -4.
-13
What i